{"id":950,"date":"2018-08-31T13:51:24","date_gmt":"2018-08-31T16:51:24","guid":{"rendered":"https:\/\/int6029-sal.infd.edu.ar\/sitio\/autoridades\/"},"modified":"2022-10-21T16:57:10","modified_gmt":"2022-10-21T19:57:10","slug":"autoridades","status":"publish","type":"page","link":"https:\/\/int6029-sal.infd.edu.ar\/sitio\/autoridades\/","title":{"rendered":"Autoridades"},"content":{"rendered":"\n<p>\u00a0<\/p>\n\n\n\n<p class=\"has-black-color has-pale-cyan-blue-background-color has-text-color has-background has-large-font-size\"><strong>VICERRECTOR\u00cdA<\/strong><\/p>\n\n\n\n<h3 class=\"wp-block-heading\">Profesora de Geograf\u00eda. Especialista en Ciencias Sociales<\/h3>\n\n\n\n<h3 class=\"wp-block-heading\">-Prof. Dalila Gonz\u00e1lez<\/h3>\n\n\n\n<h2 class=\"wp-block-heading\">\u00a0<\/h2>\n\n\n\n<h3 class=\"has-black-color has-pale-cyan-blue-background-color has-text-color has-background wp-block-heading\">Registro Federal de Instituciones y Ofertas de Formaci\u00f3n Docente REFFoD<\/h3>\n\n\n\n<p><strong>Datos de la Instituci\u00f3n<\/strong><br><\/p>\n\n\n\n<ul><li>CUE: 660030200<\/li><\/ul>\n\n\n\n<ul><li>Nombre del ISFD: INSTITUTO DE EDUCACI\u00d3N SUPERIOR N\u00ba 6029<\/li><\/ul>\n\n\n\n<ul><li>Tipo Gesti\u00f3n: Estatal<\/li><\/ul>\n\n\n\n<ul><li>Jurisdicci\u00f3n: Salta<\/li><\/ul>\n\n\n\n<ul><li>Correo: int6029.tartagal@gmail.com<br><\/li><\/ul>\n\n\n\n<ul><li>Estado: Vigente<\/li><\/ul>\n\n\n\n<h2 class=\"wp-block-heading\">&nbsp;<\/h2>\n\n\n\n<p><span style=\"font-size: 10pt;\"><span style=\"font-family: comic sans ms,sans-serif;\"><strong>&nbsp;<\/strong><\/span><\/span><\/p>\n\n\n\n<p><span style=\"font-size: 10pt;\"><span style=\"font-family: comic sans ms,sans-serif;\"><strong>&nbsp;<\/strong><\/span><\/span><\/p>\n\n\n\n<p>Dependencia de:<\/p>\n\n\n\n<p><a title=\"Direcci\u00f3n General de Educaci\u00f3n Superior\" href=\"http:\/\/dges.sal.infd.edu.ar\/sitio\/index.cgi?wid_seccion=1&amp;wid_item=2\" target=\"_blank\" rel=\"noopener\">Direcci\u00f3n General de Educaci\u00f3n Superior<\/a> &#8211; Ministerio de Educaci\u00f3n de Salta<\/p>\n\n\n\n<p>INFOD &#8211;&nbsp; <a title=\"Ministerio de Educaci\u00f3n de la Naci\u00f3n\" href=\"http:\/\/portal.educacion.gov.ar\/\" target=\"_blank\" rel=\"noopener\">Ministerio de Educaci\u00f3n de la Naci\u00f3n<\/a><\/p>\n","protected":false},"excerpt":{"rendered":"<p>\u00a0 VICERRECTOR\u00cdA Profesora de Geograf\u00eda. Especialista en Ciencias Sociales -Prof. Dalila Gonz\u00e1lez \u00a0 Registro Federal de Instituciones y Ofertas de Formaci\u00f3n Docente REFFoD Datos de la Instituci\u00f3n CUE: 660030200 Nombre del ISFD: INSTITUTO DE EDUCACI\u00d3N SUPERIOR N\u00ba 6029 Tipo Gesti\u00f3n: Estatal Jurisdicci\u00f3n: Salta Correo: int6029.tartagal@gmail.com Estado: Vigente &nbsp; &nbsp; &nbsp; Dependencia de: Direcci\u00f3n General de &#8230; <a title=\"Autoridades\" class=\"read-more\" href=\"https:\/\/int6029-sal.infd.edu.ar\/sitio\/autoridades\/\" aria-label=\"More on Autoridades\">[+]<\/a><\/p>\n","protected":false},"author":698,"featured_media":0,"parent":0,"menu_order":0,"comment_status":"closed","ping_status":"closed","template":"","meta":[],"acf":[],"_links":{"self":[{"href":"https:\/\/int6029-sal.infd.edu.ar\/sitio\/wp-json\/wp\/v2\/pages\/950"}],"collection":[{"href":"https:\/\/int6029-sal.infd.edu.ar\/sitio\/wp-json\/wp\/v2\/pages"}],"about":[{"href":"https:\/\/int6029-sal.infd.edu.ar\/sitio\/wp-json\/wp\/v2\/types\/page"}],"author":[{"embeddable":true,"href":"https:\/\/int6029-sal.infd.edu.ar\/sitio\/wp-json\/wp\/v2\/users\/698"}],"replies":[{"embeddable":true,"href":"https:\/\/int6029-sal.infd.edu.ar\/sitio\/wp-json\/wp\/v2\/comments?post=950"}],"version-history":[{"count":16,"href":"https:\/\/int6029-sal.infd.edu.ar\/sitio\/wp-json\/wp\/v2\/pages\/950\/revisions"}],"predecessor-version":[{"id":3445,"href":"https:\/\/int6029-sal.infd.edu.ar\/sitio\/wp-json\/wp\/v2\/pages\/950\/revisions\/3445"}],"wp:attachment":[{"href":"https:\/\/int6029-sal.infd.edu.ar\/sitio\/wp-json\/wp\/v2\/media?parent=950"}],"curies":[{"name":"wp","href":"https:\/\/api.w.org\/{rel}","templated":true}]}}

<p> </p>



<p class="has-black-color has-pale-cyan-blue-background-color has-text-color has-background has-large-font-size"><strong>VICERRECTORÍA</strong></p>



<h3 class="wp-block-heading">Profesora de Geografía. Especialista en Ciencias Sociales</h3>



<h3 class="wp-block-heading">-Prof. Dalila González</h3>



<h2 class="wp-block-heading"> </h2>



<h3 class="has-black-color has-pale-cyan-blue-background-color has-text-color has-background wp-block-heading">Registro Federal de Instituciones y Ofertas de Formación Docente REFFoD</h3>



<p><strong>Datos de la Institución</strong><br></p>



<ul><li>CUE: 660030200</li></ul>



<ul><li>Nombre del ISFD: INSTITUTO DE EDUCACIÓN SUPERIOR Nº 6029</li></ul>



<ul><li>Tipo Gestión: Estatal</li></ul>



<ul><li>Jurisdicción: Salta</li></ul>



<ul><li>Correo: int6029.tartagal@gmail.com<br></li></ul>



<ul><li>Estado: Vigente</li></ul>



<h2 class="wp-block-heading">&nbsp;</h2>



<p><span style="font-size: 10pt;"><span style="font-family: comic sans ms,sans-serif;"><strong>&nbsp;</strong></span></span></p>



<p><span style="font-size: 10pt;"><span style="font-family: comic sans ms,sans-serif;"><strong>&nbsp;</strong></span></span></p>



<p>Dependencia de:</p>



<p><a title="Dirección General de Educación Superior" href="http://dges.sal.infd.edu.ar/sitio/index.cgi?wid_seccion=1&amp;wid_item=2" target="_blank" rel="noopener">Dirección General de Educación Superior</a> &#8211; Ministerio de Educación de Salta</p>



<p>INFOD &#8211;&nbsp; <a title="Ministerio de Educación de la Nación" href="http://portal.educacion.gov.ar/" target="_blank" rel="noopener">Ministerio de Educación de la Nación</a></p>

<p>  VICERRECTORÍA Profesora de Geografía. Especialista en Ciencias Sociales -Prof. Dalila González   Registro Federal de Instituciones y Ofertas de Formación Docente REFFoD Datos de la Institución CUE: 660030200 Nombre del ISFD: INSTITUTO DE EDUCACIÓN SUPERIOR Nº 6029 Tipo Gestión: Estatal Jurisdicción: Salta Correo: int6029.tartagal@gmail.com Estado: Vigente &nbsp; &nbsp; &nbsp; Dependencia de: Dirección General de &#8230; <a title="Autoridades" class="read-more" href="https://int6029-sal.infd.edu.ar/sitio/autoridades/" aria-label="More on Autoridades">[+]</a></p>
