{"id":4311,"date":"2024-08-03T11:07:55","date_gmt":"2024-08-03T14:07:55","guid":{"rendered":"https:\/\/int6029-sal.infd.edu.ar\/sitio\/?page_id=4311"},"modified":"2024-08-03T11:09:17","modified_gmt":"2024-08-03T14:09:17","slug":"2024-2-cuatrimestre-inscripciones","status":"publish","type":"page","link":"https:\/\/int6029-sal.infd.edu.ar\/sitio\/2024-2-cuatrimestre-inscripciones\/","title":{"rendered":"2024 &#8211; 2\u00b0 CUATRIMESTRE &#8211; INSCRIPCIONES"},"content":{"rendered":"\n<p>El Instituto de Educaci\u00f3n Superior N\u00b0 6029 \u2013 Tartagal, informa que las <strong>INSCRIPCIONES PARA LAS UNIDADES CURRICULARES DEL SEGUNDO CUATRIMESTRE <\/strong>se lleva a cabo el d\u00eda<strong> LUNES 5 Y MARTES 6 DE AGOSTO del presente a\u00f1o desde las 19:30 a 22:00 horas. SIN EXCEPCI\u00d3N.<\/strong><br><strong>PARA REALIZAR LA INSCRIPCI\u00d3N PRESENTAR:<\/strong><br><strong>1.<\/strong> EL FORMULARIO DE INSCRIPCI\u00d3N SEGUNDO CUATRIMESTRE CORRESPONDIENTE A CADA<br>CARRERA POR DUPLICADO (en venta en las fotocopiadoras cercanas a la instituci\u00f3n o descargar aqui)<\/p>\n\n\n\n<div class=\"wp-block-file aligncenter\"><a id=\"wp-block-file--media-8e89bb94-42ee-436e-bf11-3b2f6fd3bbb9\" href=\"https:\/\/int6029-sal.infd.edu.ar\/sitio\/wp-content\/uploads\/2024\/08\/FORMULARIO-4-INFORMATICA.pdf\">INFORMATICA<\/a><a href=\"https:\/\/int6029-sal.infd.edu.ar\/sitio\/wp-content\/uploads\/2024\/08\/FORMULARIO-4-INFORMATICA.pdf\" class=\"wp-block-file__button wp-element-button\" download aria-describedby=\"wp-block-file--media-8e89bb94-42ee-436e-bf11-3b2f6fd3bbb9\">Descarga<\/a><\/div>\n\n\n\n<div class=\"wp-block-file aligncenter\"><a id=\"wp-block-file--media-471c0a36-7ff1-4beb-8ad0-619f3b258432\" href=\"https:\/\/int6029-sal.infd.edu.ar\/sitio\/wp-content\/uploads\/2024\/08\/FORMULARIO-5-TEATRO.pdf\">TEATRO<\/a><a href=\"https:\/\/int6029-sal.infd.edu.ar\/sitio\/wp-content\/uploads\/2024\/08\/FORMULARIO-5-TEATRO.pdf\" class=\"wp-block-file__button wp-element-button\" download aria-describedby=\"wp-block-file--media-471c0a36-7ff1-4beb-8ad0-619f3b258432\">Descarga<\/a><\/div>\n\n\n\n<div class=\"wp-block-file aligncenter\"><a id=\"wp-block-file--media-8527617c-e988-44ef-8b53-e2bb5ff9dd71\" href=\"https:\/\/int6029-sal.infd.edu.ar\/sitio\/wp-content\/uploads\/2024\/08\/FORMULARIO-2-PSICOLOGIA.pdf\">PSICOLOGIA<\/a><a href=\"https:\/\/int6029-sal.infd.edu.ar\/sitio\/wp-content\/uploads\/2024\/08\/FORMULARIO-2-PSICOLOGIA.pdf\" class=\"wp-block-file__button wp-element-button\" download aria-describedby=\"wp-block-file--media-8527617c-e988-44ef-8b53-e2bb5ff9dd71\">Descarga<\/a><\/div>\n\n\n\n<div class=\"wp-block-file aligncenter\"><a id=\"wp-block-file--media-55b8ce7b-5a85-4f96-9313-d99fa2e7e005\" href=\"https:\/\/int6029-sal.infd.edu.ar\/sitio\/wp-content\/uploads\/2024\/08\/EIB-FORMULARIO-3.pdf\">EIB<\/a><a href=\"https:\/\/int6029-sal.infd.edu.ar\/sitio\/wp-content\/uploads\/2024\/08\/EIB-FORMULARIO-3.pdf\" class=\"wp-block-file__button wp-element-button\" download aria-describedby=\"wp-block-file--media-55b8ce7b-5a85-4f96-9313-d99fa2e7e005\">Descarga<\/a><\/div>\n\n\n\n<div class=\"wp-block-file aligncenter\"><a id=\"wp-block-file--media-39657111-d8b3-4437-958d-14461bbef04c\" href=\"https:\/\/int6029-sal.infd.edu.ar\/sitio\/wp-content\/uploads\/2024\/08\/MATEMATICA-FORMULARIO-I-1.pdf\">MATEMATICA<\/a><a href=\"https:\/\/int6029-sal.infd.edu.ar\/sitio\/wp-content\/uploads\/2024\/08\/MATEMATICA-FORMULARIO-I-1.pdf\" class=\"wp-block-file__button wp-element-button\" download aria-describedby=\"wp-block-file--media-39657111-d8b3-4437-958d-14461bbef04c\">Descarga<\/a><\/div>\n\n\n\n<p><strong>2.<\/strong> FORMULARIO DE INSCRIPCI\u00d3N DE CICLO LECTIVO 2024 (con el que realizo la inscripci\u00f3n en marzo\/2024) para control de legajo.<br><strong>3. <\/strong>ESTUDIANTES del Primer a\u00f1o que adeudan: TITULO (QR) O CONSTANCIA ACTUALIZADA DE TITULO EN<br>TRAMITE.<\/p>\n\n\n\n<p><strong>4.<\/strong> RESPETAR EL SIGUIENTE CRONOGRAMA (SIN EXCEPCI\u00d3N)<\/p>\n\n\n\n<figure class=\"wp-block-gallery has-nested-images columns-default is-cropped wp-block-gallery-1 is-layout-flex\">\n<figure class=\"wp-block-image size-large\"><img decoding=\"async\" loading=\"lazy\" width=\"817\" height=\"529\" data-id=\"4313\"  src=\"https:\/\/int6029-sal.infd.edu.ar\/sitio\/wp-content\/uploads\/2024\/08\/WhatsApp-Image-2024-08-03-at-10.52.32.jpeg\" alt=\"\" class=\"wp-image-4313\" srcset=\"https:\/\/int6029-sal.infd.edu.ar\/sitio\/wp-content\/uploads\/2024\/08\/WhatsApp-Image-2024-08-03-at-10.52.32.jpeg 817w, https:\/\/int6029-sal.infd.edu.ar\/sitio\/wp-content\/uploads\/2024\/08\/WhatsApp-Image-2024-08-03-at-10.52.32-768x497.jpeg 768w\" sizes=\"(max-width: 817px) 100vw, 817px\" \/><\/figure>\n<\/figure>\n","protected":false},"excerpt":{"rendered":"<p>El Instituto de Educaci\u00f3n Superior N\u00b0 6029 \u2013 Tartagal, informa que las INSCRIPCIONES PARA LAS UNIDADES CURRICULARES DEL SEGUNDO CUATRIMESTRE se lleva a cabo el d\u00eda LUNES 5 Y MARTES 6 DE AGOSTO del presente a\u00f1o desde las 19:30 a 22:00 horas. SIN EXCEPCI\u00d3N.PARA REALIZAR LA INSCRIPCI\u00d3N PRESENTAR:1. EL FORMULARIO DE INSCRIPCI\u00d3N SEGUNDO CUATRIMESTRE CORRESPONDIENTE &#8230; <a title=\"2024 &#8211; 2\u00b0 CUATRIMESTRE &#8211; INSCRIPCIONES\" class=\"read-more\" href=\"https:\/\/int6029-sal.infd.edu.ar\/sitio\/2024-2-cuatrimestre-inscripciones\/\" aria-label=\"More on 2024 &#8211; 2\u00b0 CUATRIMESTRE &#8211; INSCRIPCIONES\">[+]<\/a><\/p>\n","protected":false},"author":873,"featured_media":0,"parent":0,"menu_order":0,"comment_status":"closed","ping_status":"closed","template":"","meta":[],"acf":[],"_links":{"self":[{"href":"https:\/\/int6029-sal.infd.edu.ar\/sitio\/wp-json\/wp\/v2\/pages\/4311"}],"collection":[{"href":"https:\/\/int6029-sal.infd.edu.ar\/sitio\/wp-json\/wp\/v2\/pages"}],"about":[{"href":"https:\/\/int6029-sal.infd.edu.ar\/sitio\/wp-json\/wp\/v2\/types\/page"}],"author":[{"embeddable":true,"href":"https:\/\/int6029-sal.infd.edu.ar\/sitio\/wp-json\/wp\/v2\/users\/873"}],"replies":[{"embeddable":true,"href":"https:\/\/int6029-sal.infd.edu.ar\/sitio\/wp-json\/wp\/v2\/comments?post=4311"}],"version-history":[{"count":2,"href":"https:\/\/int6029-sal.infd.edu.ar\/sitio\/wp-json\/wp\/v2\/pages\/4311\/revisions"}],"predecessor-version":[{"id":4320,"href":"https:\/\/int6029-sal.infd.edu.ar\/sitio\/wp-json\/wp\/v2\/pages\/4311\/revisions\/4320"}],"wp:attachment":[{"href":"https:\/\/int6029-sal.infd.edu.ar\/sitio\/wp-json\/wp\/v2\/media?parent=4311"}],"curies":[{"name":"wp","href":"https:\/\/api.w.org\/{rel}","templated":true}]}}