{"id":4045,"date":"2023-12-04T17:14:27","date_gmt":"2023-12-04T20:14:27","guid":{"rendered":"https:\/\/int6029-sal.infd.edu.ar\/sitio\/?page_id=4045"},"modified":"2026-02-07T09:22:04","modified_gmt":"2026-02-07T12:22:04","slug":"prof-de-teatro","status":"publish","type":"page","link":"https:\/\/int6029-sal.infd.edu.ar\/sitio\/prof-de-teatro\/","title":{"rendered":"Prof. de Teatro"},"content":{"rendered":"\n<p class=\"has-text-align-center has-base-3-color has-electric-grass-gradient-background has-text-color has-background has-medium-font-size\"><strong>Curso de ingreso 2026<\/strong><\/p>\n\n\n\n<p class=\"has-base-background-color has-background\">&#x1f4cc;&#x1f4cc;&#x1f4cc;<strong>INICIANDO RECORRIDO\u2026<\/strong><\/p>\n\n\n\n<p>Informamos a los postulantes que se les ha dado de alta en el campus del IES 6029, el usuario y contrase\u00f1a les fue enviado al mail declarado.<\/p>\n\n\n\n<p>En caso no haya recibido dicho mail y\/o este teniendo alguna dificultadad para acceder a la misma, informarlo a traves del Formulario de consulta que se encuentra al fianl de este publicaci\u00f3n.<\/p>\n\n\n\n<p>Durante los proximos dias estaremos publicando el cronograma y comisiones pertinentes.<\/p>\n\n\n\n<p>Agradecemos la buena predisposici\u00f3n y paciencia.<\/p>\n\n\n\n<p>Saludos&#8230;<\/p>\n\n\n\n<p>Prof. Dalila Gonzalez.<\/p>\n\n\n\n<p>Vicerrectopra IES 6029-Tartagal<\/p>\n\n\n\n<p class=\"has-text-align-center has-base-background-color has-background\">FORMULARIO DE CONSULTA <\/p>\n\n\n\n<p>Estudiante, toda consulta, solicitud o comentario sobre la postulaci\u00f3n para Ingreso al\u00a0ciclo lectivo 2026  debe ser realizado por formulario de consulta:<\/p>\n\n\n\n<p>&#x1f6d1; La respuesta se enviar\u00e1 al correo registrado en este formulario, en un lapso no mayor a 72 hs (d\u00edas h\u00e1biles)<\/p>\n\n\n\n<p>Para acceder al formulario de consulta, click en el link&#x1f447;&#x1f3fb;&#x1f447;&#x1f3fb;&#x1f447;&#x1f3fb;<\/p>\n\n\n\n<p class=\"has-text-align-center\"><a href=\"https:\/\/docs.google.com\/forms\/d\/e\/1FAIpQLScHikbkddQypCCCBatrq6Nyd2Q5uqk1sbOBs6UqrF66qRJ5OQ\/viewform?usp=header\" data-type=\"URL\" data-id=\"https:\/\/docs.google.com\/forms\/d\/e\/1FAIpQLScHikbkddQypCCCBatrq6Nyd2Q5uqk1sbOBs6UqrF66qRJ5OQ\/viewform?usp=header\">FORMULARIO DE CONSULTA<\/a><\/p>\n\n\n\n<p>&#x1f4e3;&#x1f4e3;SI NO PUEDE REALIZAR SU CONSULTA \u00a0POR ESTE FORMULARIO, COMUN\u00cdQUESE AL CORREO\u00a0<a href=\"mailto:int6029.tartagal@gmail.com\">int6029.tartagal@gmail.com<\/a>, por favor, sin olvidar detallar sus datos personales y adjuntar documentaci\u00f3n que fundamente y\/o corrobore lo que est\u00e1 planteando &#x1f4e3;&#x1f4e3;<br>\u2013 Nombre y apellido<br>\u2013 Carrera<br>\u2013 DNI<br>\u2013 Correo electr\u00f3nico<br>\u2013 Correo electr\u00f3nico alternativo<br>\u2013 N* de Tel\u00e9fono<br>\u2013 N* Tel\u00e9fono alternativo<\/p>\n\n\n\n<p>Saludos cordiales<\/p>\n\n\n\n<p class=\"has-text-align-center has-base-3-color has-luminous-dusk-gradient-background has-text-color has-background has-medium-font-size\"><strong>NOVEDADES<\/strong><\/p>\n\n\n\n<p>I<strong>NSCRIPCIONES CICLO LECTIVO 2024.<\/strong><\/p>\n\n\n\n<p>A los y las estudiantes que aprobaron el curso de Ambientaci\u00f3n, Nivelacion y Evaluacion les damos la bienvida.<\/p>\n\n\n\n<p>En este espacio encomtraran en formulario de inscrip\u00f3n e informacion de la msima.<\/p>\n\n\n\n<p>Las inscripcionesse realizan de modo presencial en el instituto seg\u00fan el siguiente el cronograma de inscripci\u00f3n 2024.<\/p>\n\n\n\n<p>Se les solicita que respeten los d\u00edas y horarios establecidos por carrera y a\u00f1o de cursada.<\/p>\n\n\n\n<p><strong>CRONOGRAMA PARA INGRESANTES 2024<\/strong><\/p>\n\n\n\n<p><strong><u>PROFESORADO DE EDUCACI\u00d3N SECUNDARIA PSICOLOG\u00cdA:&nbsp;<\/u><\/strong><\/p>\n\n\n\n<figure class=\"wp-block-table\"><table><tbody><tr><td><strong>FECHA<\/strong><\/td><td><strong>HORA<\/strong><\/td><td><strong>CURSO<\/strong><\/td><td><strong>RESPONSABLES<\/strong><\/td><\/tr><tr><td><strong>MIERCOLES 6<\/strong>&nbsp;<strong>DE MARZO 2023<\/strong><\/td><td><strong>&nbsp;<\/strong>&nbsp;<strong>&nbsp;&nbsp; 19:30 a 21:30<\/strong><\/td><td><strong>&nbsp;<\/strong>&nbsp;<strong>1ER A\u00d1O<\/strong><\/td><td><strong>Preceptor: Marcelo Santill\u00e1n<\/strong>&nbsp;<strong>Aux. Ad.: Irma Bildo<\/strong><\/td><\/tr><\/tbody><\/table><\/figure>\n\n\n\n<p><strong><u>PROFESORADO DE EDUCACI\u00d3N SECUNDARIA&nbsp;&nbsp; EN&nbsp;&nbsp; INFORMATICA<\/u><\/strong><strong><u>:<\/u><\/strong><\/p>\n\n\n\n<figure class=\"wp-block-table\"><table><tbody><tr><td><strong>FECHA<\/strong><\/td><td><strong>HORA<\/strong><\/td><td><strong>CURSO<\/strong><\/td><td><strong>RESPONSABLES<\/strong><\/td><\/tr><tr><td><strong>MIERCOLES 6<\/strong>&nbsp;<strong>DE MARZO 2023<\/strong><\/td><td><strong>&nbsp;<\/strong>&nbsp;<strong>&nbsp;&nbsp; 19:30 a 21:30<\/strong><\/td><td><strong>&nbsp;<\/strong>&nbsp;<strong>1ER A\u00d1O<\/strong><\/td><td><strong>Preceptora Isabel Pierola<\/strong>&nbsp;<strong>Aux. Ricardo Cuellar<\/strong><\/td><\/tr><\/tbody><\/table><\/figure>\n\n\n\n<p><strong><u>PROFESORADO&nbsp;&nbsp; DE&nbsp;&nbsp; TEATRO<\/u><\/strong><\/p>\n\n\n\n<figure class=\"wp-block-table\"><table><tbody><tr><td><strong>FECHA<\/strong><\/td><td><strong>HORA<\/strong><\/td><td><strong>CURSO<\/strong><\/td><td><strong>RESPONSABLES<\/strong><\/td><\/tr><tr><td><strong>MIERCOLES 6<\/strong>&nbsp;<strong>DE MARZO 2023<\/strong><\/td><td><strong>&nbsp;<\/strong>&nbsp;<strong>&nbsp;&nbsp; 19:30 a 21:30<\/strong><\/td><td><strong>&nbsp;<\/strong>&nbsp;<strong>1ER A\u00d1O<\/strong><\/td><td><strong>Preceptora Alejandra Catalano&nbsp;<\/strong><\/td><\/tr><\/tbody><\/table><\/figure>\n\n\n\n<div class=\"wp-block-file\"><object class=\"wp-block-file__embed\" data=\"https:\/\/int6029-sal.infd.edu.ar\/sitio\/wp-content\/uploads\/2024\/03\/INSCRIPCION-2024-INFORMACION-1-2.pdf\" type=\"application\/pdf\" style=\"width:100%;height:600px\" aria-label=\"Incrustado de INSCRIPCION-2024-INFORMACION-1-2.\"><\/object><a id=\"wp-block-file--media-794e39c0-a89b-4387-9faa-22a6dee10b8a\" href=\"https:\/\/int6029-sal.infd.edu.ar\/sitio\/wp-content\/uploads\/2024\/03\/INSCRIPCION-2024-INFORMACION-1-2.pdf\">INSCRIPCION-2024-INFORMACION-1-2<\/a><a href=\"https:\/\/int6029-sal.infd.edu.ar\/sitio\/wp-content\/uploads\/2024\/03\/INSCRIPCION-2024-INFORMACION-1-2.pdf\" class=\"wp-block-file__button wp-element-button\" download aria-describedby=\"wp-block-file--media-794e39c0-a89b-4387-9faa-22a6dee10b8a\">Descarga<\/a><\/div>\n\n\n\n<div class=\"wp-block-file\"><object class=\"wp-block-file__embed\" data=\"https:\/\/int6029-sal.infd.edu.ar\/sitio\/wp-content\/uploads\/2024\/03\/FORMULARIO-5-.-TEATRO.pdf\" type=\"application\/pdf\" style=\"width:100%;height:600px\" aria-label=\"Incrustado de FORMULARIO-5-.-TEATRO.\"><\/object><a id=\"wp-block-file--media-41f44170-ff6d-48e0-8cc6-dd5f77e2b8af\" href=\"https:\/\/int6029-sal.infd.edu.ar\/sitio\/wp-content\/uploads\/2024\/03\/FORMULARIO-5-.-TEATRO.pdf\">FORMULARIO-5-.-TEATRO<\/a><a href=\"https:\/\/int6029-sal.infd.edu.ar\/sitio\/wp-content\/uploads\/2024\/03\/FORMULARIO-5-.-TEATRO.pdf\" class=\"wp-block-file__button wp-element-button\" download aria-describedby=\"wp-block-file--media-41f44170-ff6d-48e0-8cc6-dd5f77e2b8af\">Descarga<\/a><\/div>\n\n\n\n<p>\u00a1Bienvenidos a los y las interesados en nuestras carreras en el Instituto! Estamos emocionados de darles la bienvenida a esta comunidad educativa y compartir con ustedes la oportunidad de explorar y desarrollar sus habilidades en el campo de estudio que ofrecemos.<\/p>\n\n\n\n<p>&#x1f4cc;&#x1f4cc;&#x1f4cc;<strong>INICIANDO RECORRIDO\u2026<\/strong><\/p>\n\n\n\n<p>Informamos a los postulantes que se les ha dado de alta en el campus del IES 6029, el usuario y contrase\u00f1a les fue enviado al mail declarado.<\/p>\n\n\n\n<p>En caso no haya recibido dicho mail y\/o este teniendo alguna dificultadad para acceder a la misma, informarlo a traves del Formulario de consulta que se encuentra al fianl de este pagina.<\/p>\n\n\n\n<p>Durante la semana estaremos publicando el cronograma y comisiones pertinentes.<\/p>\n\n\n\n<p>Agradecemos la buena predisposici\u00f3n y paciencia.<\/p>\n\n\n\n<p>Saludos..<\/p>\n\n\n\n<p><strong>Prof. Dalila Gonzalez<\/strong><\/p>\n\n\n\n<p><strong>Vicerrectora IES 6029-Tartagal.<\/strong><\/p>\n\n\n\n<p><\/p>\n\n\n\n<p>&#x1f4cc;&#x1f4cc;&#x1f4cc;<strong>Los requisitos para postularte son:<\/strong><\/p>\n\n\n\n<ul>\n<li>Formulario de preinscripci\u00f3n por duplicado (buscar en la fotocopiadora \u00abdo\u00f1a Rosita\u00bb o descargar aqui)<\/li>\n\n\n\n<li>Llevar D.N.I y fotocopia del frente y dorso.<\/li>\n\n\n\n<li>Constancia de C.U.I.L del Anses.<\/li>\n\n\n\n<li>Titulo Secundario original y copia; o constancia de t\u00edtulo en tr\u00e1mite o de finalizaci\u00f3n de secundario sin adeudar materias.<\/li>\n\n\n\n<li>Un folio tama\u00f1o oficio.<\/li>\n<\/ul>\n\n\n\n<p>Con \u00e9stos requisitos deberas presentarte el d\u00eda 16 de diciembre de 2023 desde las 08:00 hs. hasta las 16 hs. en calle Guemes N\u00b0 950 de Tartagal.<\/p>\n\n\n\n<p class=\"has-text-align-center has-base-3-color has-luminous-dusk-gradient-background has-text-color has-background\"><strong>CRONOGRAMA<\/strong><\/p>\n\n\n<div class=\"wp-block-image\">\n<figure class=\"aligncenter size-full\"><img decoding=\"async\" loading=\"lazy\" width=\"710\" height=\"715\" src=\"https:\/\/int6029-sal.infd.edu.ar\/sitio\/wp-content\/uploads\/2024\/02\/WhatsApp-Image-2024-02-14-at-17.30.15.jpeg\" alt=\"\" class=\"wp-image-4166\"\/><\/figure><\/div>\n\n\n<p><\/p>\n\n\n\n<p><\/p>\n\n\n\n<p><strong>PREINSCRIPCION<\/strong>: 16 DE DICIEMBRE DE 2023 DESDE 08 HS HASTA 16 HS. GUEMES N\u00b0 950 TARTAGAL<\/p>\n\n\n\n<p class=\"has-text-align-center has-base-3-color has-luminous-dusk-gradient-background has-text-color has-background\"><strong>COMISIONES<\/strong><\/p>\n\n\n\n<p>Sin informaci\u00f3n.<\/p>\n\n\n\n<p class=\"has-text-align-center has-base-3-color has-luminous-dusk-gradient-background has-text-color has-background\"><strong>MATERIAL DE ESTUDIO<\/strong><\/p>\n\n\n\n<p>Se actualizar\u00e1 al avanzar el proceso.<\/p>\n\n\n\n<p class=\"has-text-align-center has-base-3-color has-luminous-dusk-gradient-background has-text-color has-background\"><strong>CALIFICACIONES<\/strong><\/p>\n\n\n\n<p>Sin informaci\u00f3n.<\/p>\n\n\n\n<p class=\"has-text-align-center has-base-3-color has-luminous-dusk-gradient-background has-text-color has-background\"><strong>FORMULARIO DE CONSULTA<\/strong><\/p>\n\n\n\n<p>Estudiante, toda consulta, solicitud o comentario sobre el Ingreso al&nbsp; ciclo lectivo 2024 debe ser realizado por formulario de consulta:<\/p>\n\n\n\n<p>&#x1f6d1; La respuesta se enviar\u00e1 al correo registrado en este formulario, en un lapso no mayor a 72 hs (d\u00edas h\u00e1biles)<\/p>\n\n\n\n<p>Para acceder al formulario de consulta, click en el link&#x1f447;&#x1f3fb;&#x1f447;&#x1f3fb;&#x1f447;&#x1f3fb;<\/p>\n\n\n\n<p class=\"has-text-align-center\"><a href=\"https:\/\/docs.google.com\/forms\/d\/e\/1FAIpQLSdGq-NhWsIqTsT89yNok7l9NJXjW0fUOivJKhOIbJJI8T0f9g\/viewform?usp=sf_link\">FORMULARIO DE CONSULTA<\/a><\/p>\n\n\n\n<p>&#x1f4e3;&#x1f4e3;SI NO PUEDE REALIZAR SU CONSULTA &nbsp;POR ESTE FORMULARIO, COMUN\u00cdQUESE AL CORREO&nbsp;<a href=\"mailto:int6029.tartagal@gmail.com\">int6029.tartagal@gmail.com<\/a>, por favor, sin olvidar detallar sus datos personales y adjuntar documentaci\u00f3n que fundamente y\/o corrobore lo que est\u00e1 planteando &#x1f4e3;&#x1f4e3;<br>\u2013 Nombre y apellido<br>\u2013 Carrera<br>\u2013 DNI<br>\u2013 Correo electr\u00f3nico<br>\u2013 Correo electr\u00f3nico alternativo<br>\u2013 N* de Tel\u00e9fono<br>\u2013 N* Tel\u00e9fono alternativo<\/p>\n\n\n\n<p>Saludos cordiales<\/p>\n\n\n\n<p>Prof. Dalila Gonz\u00e1lez<br>Vicerector\u00eda<br>IES N* 6029<\/p>\n","protected":false},"excerpt":{"rendered":"<p>Curso de ingreso 2026 &#x1f4cc;&#x1f4cc;&#x1f4cc;INICIANDO RECORRIDO\u2026 Informamos a los postulantes que se les ha dado de alta en el campus del IES 6029, el usuario y contrase\u00f1a les fue enviado al mail declarado. En caso no haya recibido dicho mail y\/o este teniendo alguna dificultadad para acceder a la misma, informarlo a traves del Formulario &#8230; <a title=\"Prof. de Teatro\" class=\"read-more\" href=\"https:\/\/int6029-sal.infd.edu.ar\/sitio\/prof-de-teatro\/\" aria-label=\"More on Prof. de Teatro\">[+]<\/a><\/p>\n","protected":false},"author":873,"featured_media":0,"parent":0,"menu_order":0,"comment_status":"closed","ping_status":"closed","template":"","meta":[],"acf":[],"_links":{"self":[{"href":"https:\/\/int6029-sal.infd.edu.ar\/sitio\/wp-json\/wp\/v2\/pages\/4045"}],"collection":[{"href":"https:\/\/int6029-sal.infd.edu.ar\/sitio\/wp-json\/wp\/v2\/pages"}],"about":[{"href":"https:\/\/int6029-sal.infd.edu.ar\/sitio\/wp-json\/wp\/v2\/types\/page"}],"author":[{"embeddable":true,"href":"https:\/\/int6029-sal.infd.edu.ar\/sitio\/wp-json\/wp\/v2\/users\/873"}],"replies":[{"embeddable":true,"href":"https:\/\/int6029-sal.infd.edu.ar\/sitio\/wp-json\/wp\/v2\/comments?post=4045"}],"version-history":[{"count":10,"href":"https:\/\/int6029-sal.infd.edu.ar\/sitio\/wp-json\/wp\/v2\/pages\/4045\/revisions"}],"predecessor-version":[{"id":4499,"href":"https:\/\/int6029-sal.infd.edu.ar\/sitio\/wp-json\/wp\/v2\/pages\/4045\/revisions\/4499"}],"wp:attachment":[{"href":"https:\/\/int6029-sal.infd.edu.ar\/sitio\/wp-json\/wp\/v2\/media?parent=4045"}],"curies":[{"name":"wp","href":"https:\/\/api.w.org\/{rel}","templated":true}]}}