{"id":3849,"date":"2023-03-01T11:44:47","date_gmt":"2023-03-01T14:44:47","guid":{"rendered":"https:\/\/int6029-sal.infd.edu.ar\/sitio\/?page_id=3849"},"modified":"2023-03-01T15:33:25","modified_gmt":"2023-03-01T18:33:25","slug":"reinscripciones-2023","status":"publish","type":"page","link":"https:\/\/int6029-sal.infd.edu.ar\/sitio\/reinscripciones-2023\/","title":{"rendered":"REINSCRIPCIONES 2023"},"content":{"rendered":"\n<p class=\"has-text-align-center\"><strong>INSTITUTO DE EDUCACI\u00d3N SUPERIOR N\u00b0 6029 \u2013 TARTAGAL<\/strong><\/p>\n\n\n\n<p class=\"has-text-align-center\"><strong>INSCRIPCI\u00d3N CICLO LECTIVO 2023<\/strong><\/p>\n\n\n\n<p>&nbsp;&nbsp;&nbsp; A las y los estudiantes<\/p>\n\n\n\n<p>\u00a0\u00a0\u00a0\u00a0\u00a0\u00a0\u00a0 Se informa, que las inscripciones para el presente ciclo lectivo 2023 se deben tener en cuenta los siguientes requisitos establecidos en las normativas vigentes:<\/p>\n\n\n\n<p>1.- RESOLUCI\u00d3N N\u00b02484\/13 &#8211; REGLAMENTO ACADEMICO MACRO \u2013 R.A.M, es prioridad los siguientes art\u00edculos establecidos en el Cap\u00edtulo II: Art.4\u00b0-5\u00b0- 6\u00b0-7\u00b0-8\u00b0-9\u00b0.-<\/p>\n\n\n\n<p>2.- PLAN DE ESTUDIO Y REGIMEN DE CORRELATIVIDAD POR CARRERA que cursa:<\/p>\n\n\n\n<p><strong><u>A-<\/u><\/strong><strong><u>PROFESORADO DE EDUCACI\u00d3N SECUNDARIA EN MATEMATICA- R.M. N\u00b0&nbsp;&nbsp; 3125\/16<\/u><\/strong><\/p>\n\n\n\n<p><strong>R\u00e9gimen de Correlatividad&nbsp;&nbsp; R.M N\u00b0 2797 \/16 en su anexo I y Disposici\u00f3n Conjunta \u2013 D.G.E.S N\u00b0138\/19<\/strong><\/p>\n\n\n\n<p><strong><u>B- PROFESORADO DE EDUCACI\u00d3N SECUNDARIA EN PSICOLOGIA \u2013R.M. N\u00b0 3954\/18<\/u><\/strong><\/p>\n\n\n\n<p><em>Para cursar unidades curriculares del segundo a\u00f1o, deben tener regular y\/o finalizada y aprobadas las ASIGNATURAS de primer a\u00f1o (R\u00e9gimen de correlatividad en tr\u00e1mite)<\/em><\/p>\n\n\n\n<p><strong><u>C-PROFESORADO DE EDUCACI\u00d3N INTERCULTURALIDAD BILING\u00dcE- R.M. N\u00b04279\/16<\/u><\/strong><\/p>\n\n\n\n<p><strong>R\u00c9GIMEN DE CORRELATIVIDAD \u2013 R.M N\u00b0 2348\/18<\/strong><\/p>\n\n\n\n<p><strong>3.- <\/strong>Para inscribirse presentar la siguiente Documentaci\u00f3n original y por duplicado (art.6) sin excepci\u00f3n<\/p>\n\n\n\n<ul>\n<li><em>Formulario General (FG) y Formulario por carrera ( F1A, -F1B, -F1C) de inscripcion por duplicado.<\/em><\/li>\n\n\n\n<li><em>Fotocopia del DNI.<\/em><\/li>\n\n\n\n<li><em>CUIL del ANSES.<\/em><\/li>\n\n\n\n<li><em>Partida de Nacimiento Actualizada.<\/em><\/li>\n\n\n\n<li><em>Titulo Secundario original y\/o copia.<\/em><\/li>\n\n\n\n<li><em>Constancia de finalizacion de Quinto a\u00f1o especificando materias que adeuda o no.<\/em><\/li>\n\n\n\n<li><em>Certificado de Aptitud Psicofisica.<\/em><\/li>\n\n\n\n<li><em>Dos (2) fotos 4&#215;4.<\/em><\/li>\n\n\n\n<li><em>Un folio tama\u00f1o oficio.<\/em><\/li>\n<\/ul>\n\n\n\n<p><strong>4<\/strong>.- La inscripci\u00f3n est\u00e1 destinada a las y los estudiantes de las siguientes carreras:<\/p>\n\n\n\n<p>1.-&nbsp; <strong>Profesorado de Educaci\u00f3n Secundaria En Matem\u00e1tica:<\/strong><\/p>\n\n\n\n<p><strong>a.- INGRESANTES \u2013 COHORTE 2023 \u2013 <\/strong>PRESENTAR<strong> FORMULARIO GENERAL (FG) <\/strong>Y DOCUMENTACI\u00d3N<\/p>\n\n\n\n<div class=\"wp-block-file aligncenter\"><object class=\"wp-block-file__embed\" data=\"https:\/\/int6029-sal.infd.edu.ar\/sitio\/wp-content\/uploads\/2023\/03\/FORM-GRAL-IES.pdf\" type=\"application\/pdf\" style=\"width:100%;height:600px\" aria-label=\"Incrustado de FORMULARIO GENERAL (FG).\"><\/object><a id=\"wp-block-file--media-8d8afd85-0d25-4242-a25b-2ebedad2580c\" href=\"https:\/\/int6029-sal.infd.edu.ar\/sitio\/wp-content\/uploads\/2023\/03\/FORM-GRAL-IES.pdf\">FORMULARIO GENERAL (FG)<\/a><a href=\"https:\/\/int6029-sal.infd.edu.ar\/sitio\/wp-content\/uploads\/2023\/03\/FORM-GRAL-IES.pdf\" class=\"wp-block-file__button wp-element-button\" download aria-describedby=\"wp-block-file--media-8d8afd85-0d25-4242-a25b-2ebedad2580c\">Descarga<\/a><\/div>\n\n\n\n<p><strong>b.- &nbsp;Formulario general (FG) y Formulario 1.A (F1A), <\/strong>los que deben Cursar 2do, 3ero, 4to a\u00f1o&nbsp;&nbsp; y recursantes por a\u00f1o y\/o asignaturas y documentaci\u00f3n correspondiente.<\/p>\n\n\n\n<div class=\"wp-block-file\"><object class=\"wp-block-file__embed\" data=\"https:\/\/int6029-sal.infd.edu.ar\/sitio\/wp-content\/uploads\/2023\/03\/FORMULARIOS-DE-INSCRIPCION-2023-MAT.pdf\" type=\"application\/pdf\" style=\"width:100%;height:600px\" aria-label=\"Incrustado de FORMULARIO- 1A-INSCRIPCION-2023-MAT.\"><\/object><a id=\"wp-block-file--media-1d9c7f9b-7913-48f1-b4a5-7052d2997dd7\" href=\"https:\/\/int6029-sal.infd.edu.ar\/sitio\/wp-content\/uploads\/2023\/03\/FORMULARIOS-DE-INSCRIPCION-2023-MAT.pdf\">FORMULARIO- 1A-INSCRIPCION-2023-MAT<\/a><a href=\"https:\/\/int6029-sal.infd.edu.ar\/sitio\/wp-content\/uploads\/2023\/03\/FORMULARIOS-DE-INSCRIPCION-2023-MAT.pdf\" class=\"wp-block-file__button wp-element-button\" download aria-describedby=\"wp-block-file--media-1d9c7f9b-7913-48f1-b4a5-7052d2997dd7\">Descarga<\/a><\/div>\n\n\n\n<p>2.- <strong>Profesorado de Educaci\u00f3n Secundaria Psicolog\u00eda:<\/strong><\/p>\n\n\n\n<p><strong>a.- INGRESANTES \u2013 COHORTE 2023 \u2013 <\/strong>PRESENTAR<strong> FORMULARIO GENERAL (FG) <\/strong>Y DOCUMENTACI\u00d3N<\/p>\n\n\n\n<p><strong>&nbsp;b.- Formulario general (FG) y Formulario 1.B, <\/strong>los que deben Cursar 2do a\u00f1o y\/o recursar asignaturas del primer a\u00f1o de la carrera y documentaci\u00f3n correspondiente.<\/p>\n\n\n\n<div class=\"wp-block-file\"><object class=\"wp-block-file__embed\" data=\"https:\/\/int6029-sal.infd.edu.ar\/sitio\/wp-content\/uploads\/2023\/03\/FORMULARIOS-DE-INSCRIPCION-2023-PSI.pdf\" type=\"application\/pdf\" style=\"width:100%;height:600px\" aria-label=\"Incrustado de FORMULARIO-1B-DE-INSCRIPCION-2023-PSI.\"><\/object><a id=\"wp-block-file--media-ccc1017c-0424-44bd-b6aa-e9a2eccd173d\" href=\"https:\/\/int6029-sal.infd.edu.ar\/sitio\/wp-content\/uploads\/2023\/03\/FORMULARIOS-DE-INSCRIPCION-2023-PSI.pdf\">FORMULARIO-1B-DE-INSCRIPCION-2023-PSI<\/a><a href=\"https:\/\/int6029-sal.infd.edu.ar\/sitio\/wp-content\/uploads\/2023\/03\/FORMULARIOS-DE-INSCRIPCION-2023-PSI.pdf\" class=\"wp-block-file__button wp-element-button\" download aria-describedby=\"wp-block-file--media-ccc1017c-0424-44bd-b6aa-e9a2eccd173d\">Descarga<\/a><\/div>\n\n\n\n<p>3.- <strong><u>Profesorado en Educaci\u00f3n Interculturalidad&nbsp; Biling\u00fce:<\/u><\/strong><\/p>\n\n\n\n<p><strong>a.-<u> &nbsp;<\/u>Formulario general (FG) y Formulario 1.C.<\/strong>, los que deben Cursar <strong><u>3ro, 4to &nbsp;&nbsp;a\u00f1o y recursantes<\/u><\/strong> por a\u00f1o y\/o asignaturas.<\/p>\n\n\n\n<div class=\"wp-block-file\"><object class=\"wp-block-file__embed\" data=\"https:\/\/int6029-sal.infd.edu.ar\/sitio\/wp-content\/uploads\/2023\/03\/FORMULARIOS-DE-INSCRIPCION-2023-EIB.pdf\" type=\"application\/pdf\" style=\"width:100%;height:600px\" aria-label=\"Incrustado de FORMULARIO-1C-DE-INSCRIPCION-2023-EIB.\"><\/object><a id=\"wp-block-file--media-6229c10b-79c4-4022-a364-6d7af532adc0\" href=\"https:\/\/int6029-sal.infd.edu.ar\/sitio\/wp-content\/uploads\/2023\/03\/FORMULARIOS-DE-INSCRIPCION-2023-EIB.pdf\">FORMULARIO-1C-DE-INSCRIPCION-2023-EIB<\/a><a href=\"https:\/\/int6029-sal.infd.edu.ar\/sitio\/wp-content\/uploads\/2023\/03\/FORMULARIOS-DE-INSCRIPCION-2023-EIB.pdf\" class=\"wp-block-file__button wp-element-button\" download aria-describedby=\"wp-block-file--media-6229c10b-79c4-4022-a364-6d7af532adc0\">Descarga<\/a><\/div>\n\n\n\n<p>&nbsp; <strong>Se le solicita al estudiante seleccionar y completar &nbsp;&nbsp;de modo fehaciente el formulario correcto seg\u00fan su situaci\u00f3n pedag\u00f3gica.<\/strong><\/p>\n\n\n\n<p>&nbsp;&nbsp; Al momento de presentar la documentaci\u00f3n requerida, la misma debe estar acompa\u00f1ada con el Formulario General &nbsp;&nbsp;y el Formulario&nbsp;&nbsp; por carrera (F1A.- F1B \u2013 F1C), tambi\u00e9n debe venir acompa\u00f1ado con el DNI y la libreta de alumno regular.<\/p>\n\n\n\n<p class=\"has-text-align-center\"><strong><mark style=\"background-color:var(--accent)\" class=\"has-inline-color has-base-3-color\">DE LA INSCRIPCI\u00d3N &nbsp;&nbsp;&#8211; CRONOGRAMA<\/mark><\/strong><\/p>\n\n\n\n<p>Las inscripciones se realizan de modo presencial en el instituto seg\u00fan el siguiente el cronograma de inscripci\u00f3n 2023.<\/p>\n\n\n\n<p>Se les solicita que respeten los d\u00edas y horarios establecidos por carrera y a\u00f1o de cursada.<\/p>\n\n\n\n<ul>\n<li><strong><mark style=\"background-color:#04f617;color:#090909\" class=\"has-inline-color\">PROFESORADO DE EDUCACI\u00d3N SECUNDARIA EN MATEM\u00c1TICA<\/mark><\/strong><\/li>\n<\/ul>\n\n\n\n<figure class=\"wp-block-table\"><table><tbody><tr><td><strong>FECHA<\/strong><\/td><td><strong>HORA<\/strong><\/td><td><strong>CURSO en el 2022<\/strong><\/td><td><strong>2023:&nbsp; A\u00d1O\/CURSO&nbsp; a&nbsp; CURSAR<\/strong><\/td><\/tr><tr><td><strong>&nbsp;&nbsp;&nbsp; LUNES 6<\/strong> <strong>DE MARZO 2023<\/strong><\/td><td><strong>19:00 a 20:30<\/strong><\/td><td><strong>&#8212;&#8212;&#8212;<\/strong><\/td><td><strong>1er a\u00f1o- Ingresantes por TAQUINKI \u2013 Sal\u00f3n de la cocina<\/strong><\/td><\/tr><tr><td><strong>19:00 a 20:30<\/strong><\/td><td><strong>1er a\u00f1o<\/strong><\/td><td><strong>2do a\u00f1o<\/strong><\/td><\/tr><tr><td><strong>21:00 a 22:30<\/strong><\/td><td><strong>2do a\u00f1o<\/strong><\/td><td><strong>&nbsp;&nbsp;&nbsp;&nbsp;&nbsp;&nbsp;&nbsp;&nbsp;&nbsp;&nbsp;&nbsp;&nbsp;&nbsp;&nbsp;&nbsp; 3er a\u00f1o<\/strong><\/td><\/tr><\/tbody><\/table><\/figure>\n\n\n\n<figure class=\"wp-block-table\"><table><tbody><tr><td><strong>FECHA<\/strong><\/td><td><strong>HORA<\/strong><\/td><td><strong>CURSO en el 2022<\/strong><\/td><td><strong>2023:&nbsp; A\u00d1O\/CURSO&nbsp; a&nbsp; CURSAR<\/strong><\/td><\/tr><tr><td><strong>MARTES 7<\/strong> <strong>DE MARZO 2023<\/strong><\/td><td><strong>19:00 a 20:30<\/strong><\/td><td><strong>3er a\u00f1o<\/strong><\/td><td><strong>4To a\u00f1o<\/strong><\/td><\/tr><tr><td><strong>21:00 a 22:30<\/strong><\/td><td><strong>RECURSANTES<\/strong><\/td><td><strong>&nbsp;&nbsp;&nbsp;&nbsp; Para todos los a\u00f1os<\/strong><\/td><\/tr><\/tbody><\/table><\/figure>\n\n\n\n<ul>\n<li><strong><mark style=\"background-color:#16f904\" class=\"has-inline-color\">PROFESORADO DE EDUCACI\u00d3N SECUNDARIA PSICOLOG\u00cdA<\/mark><\/strong><\/li>\n<\/ul>\n\n\n\n<figure class=\"wp-block-table\"><table><tbody><tr><td><strong>FECHA<\/strong><\/td><td><strong>HORA<\/strong><\/td><td><strong>CURSO en el 2022<\/strong><\/td><td><strong>2023:&nbsp; A\u00d1O\/CURSO&nbsp; a&nbsp; CURSAR<\/strong><\/td><\/tr><tr><td><strong>&nbsp;&nbsp;&nbsp; LUNES 6<\/strong> <strong>DE MARZO 2023<\/strong><\/td><td><strong>19:00 a 20:30<\/strong><\/td><td><strong>&#8212;&#8212;&#8212;<\/strong><\/td><td><strong>1er a\u00f1o- Ingresantes por TAQUINKI \u2013 Sal\u00f3n de la cocina<\/strong><\/td><\/tr><\/tbody><\/table><\/figure>\n\n\n\n<figure class=\"wp-block-table\"><table><tbody><tr><td><strong>FECHA<\/strong><\/td><td><strong>HORA<\/strong><\/td><td><strong>CURSO en el 2022<\/strong><\/td><td><strong>2023:&nbsp; A\u00d1O\/CURSO&nbsp; a&nbsp; CURSAR<\/strong><\/td><\/tr><tr><td><strong>MARTES 7<\/strong> <strong>DE MARZO 2023<\/strong><\/td><td><strong>19:00 a 20:30<\/strong><\/td><td><strong>1er a\u00f1o<\/strong><\/td><td><strong>2do a\u00f1o por TAQUINKI -Sal\u00f3n de la cocina<\/strong><\/td><\/tr><tr><td><strong>21:00 a 22:30<\/strong><\/td><td><strong>RECURSANTES<\/strong><\/td><td><strong>&nbsp;&nbsp;&nbsp;&nbsp; Para primer a\u00f1o<\/strong><\/td><\/tr><\/tbody><\/table><\/figure>\n\n\n\n<ul>\n<li><mark style=\"background-color:#04f91f\" class=\"has-inline-color\"><strong>PROFESORADO DE EDUCACI\u00d3N INTERCULTURALIDAD BILING\u00dcE<\/strong>.<\/mark><\/li>\n\n\n\n<li><strong><mark style=\"background-color:#35cef9\" class=\"has-inline-color\">SOLO PARA ESTUDIANTES QUE CURSARON el SEGUNDO A\u00d1O y UNIDADES CURRICULARES ANUALES Y CUATRIMESTRALES EN EL CICLO LECTIVO 2022<\/mark><\/strong><\/li>\n<\/ul>\n\n\n\n<figure class=\"wp-block-table\"><table><tbody><tr><td><strong>FECHA<\/strong><\/td><td><strong>HORA<\/strong><\/td><td><strong>CURSO en el 2022<\/strong><\/td><td><strong>2023:&nbsp; A\u00d1O\/CURSO&nbsp; a&nbsp; CURSAR<\/strong><\/td><\/tr><tr><td><strong>&nbsp;&nbsp;&nbsp; LUNES 6<\/strong> <strong>DE MARZO 2023<\/strong><\/td><td><strong>19:00 a 21:00<\/strong><\/td><td><strong>2do a\u00f1o<\/strong><\/td><td><strong>3er a\u00f1o<\/strong><\/td><\/tr><tr><td><strong>19:00 a 21:00<\/strong><\/td><td><strong>3er a\u00f1o<\/strong><\/td><td><strong>4to a\u00f1o<\/strong><\/td><\/tr><\/tbody><\/table><\/figure>\n\n\n\n<ul>\n<li><mark style=\"background-color:#15f4ec\" class=\"has-inline-color\"><strong>SOLO PARA ESTUDIANTES <u>QUE NO CURSARON<\/u> UNIDADES CURRICULARES ANUALES Y CUATRIMESTRALES EN EL CICLO LECTIVO 2022<\/strong>.<\/mark>\n<ul><\/ul>\n<\/li>\n<\/ul>\n\n\n\n<figure class=\"wp-block-table\"><table><tbody><tr><td><strong>FECHA<\/strong><\/td><td><strong>HORA<\/strong><\/td><td><strong>&nbsp; 2023:&nbsp; A\u00d1O\/CURSO a CURSAR&nbsp;<\/strong><\/td><\/tr><tr><td><strong>&nbsp;<\/strong> <strong>JUEVES 09<\/strong> <strong>&nbsp;DE MARZO 2023<\/strong><\/td><td><strong>19:30 a 21:00<\/strong><\/td><td><strong>3ER A\u00d1O y Unidades Curriculares<\/strong><\/td><\/tr><tr><td><strong>19:30 a 21:30<\/strong><\/td><td><strong>4TO A\u00d1O y Unidades Curriculares<\/strong><\/td><\/tr><\/tbody><\/table><\/figure>\n","protected":false},"excerpt":{"rendered":"<p>INSTITUTO DE EDUCACI\u00d3N SUPERIOR N\u00b0 6029 \u2013 TARTAGAL INSCRIPCI\u00d3N CICLO LECTIVO 2023 &nbsp;&nbsp;&nbsp; A las y los estudiantes \u00a0\u00a0\u00a0\u00a0\u00a0\u00a0\u00a0 Se informa, que las inscripciones para el presente ciclo lectivo 2023 se deben tener en cuenta los siguientes requisitos establecidos en las normativas vigentes: 1.- RESOLUCI\u00d3N N\u00b02484\/13 &#8211; REGLAMENTO ACADEMICO MACRO \u2013 R.A.M, es prioridad los &#8230; <a title=\"REINSCRIPCIONES 2023\" class=\"read-more\" href=\"https:\/\/int6029-sal.infd.edu.ar\/sitio\/reinscripciones-2023\/\" aria-label=\"More on REINSCRIPCIONES 2023\">[+]<\/a><\/p>\n","protected":false},"author":873,"featured_media":0,"parent":0,"menu_order":0,"comment_status":"closed","ping_status":"closed","template":"","meta":[],"acf":[],"_links":{"self":[{"href":"https:\/\/int6029-sal.infd.edu.ar\/sitio\/wp-json\/wp\/v2\/pages\/3849"}],"collection":[{"href":"https:\/\/int6029-sal.infd.edu.ar\/sitio\/wp-json\/wp\/v2\/pages"}],"about":[{"href":"https:\/\/int6029-sal.infd.edu.ar\/sitio\/wp-json\/wp\/v2\/types\/page"}],"author":[{"embeddable":true,"href":"https:\/\/int6029-sal.infd.edu.ar\/sitio\/wp-json\/wp\/v2\/users\/873"}],"replies":[{"embeddable":true,"href":"https:\/\/int6029-sal.infd.edu.ar\/sitio\/wp-json\/wp\/v2\/comments?post=3849"}],"version-history":[{"count":3,"href":"https:\/\/int6029-sal.infd.edu.ar\/sitio\/wp-json\/wp\/v2\/pages\/3849\/revisions"}],"predecessor-version":[{"id":3865,"href":"https:\/\/int6029-sal.infd.edu.ar\/sitio\/wp-json\/wp\/v2\/pages\/3849\/revisions\/3865"}],"wp:attachment":[{"href":"https:\/\/int6029-sal.infd.edu.ar\/sitio\/wp-json\/wp\/v2\/media?parent=3849"}],"curies":[{"name":"wp","href":"https:\/\/api.w.org\/{rel}","templated":true}]}}