{"id":2071,"date":"2021-12-10T19:11:18","date_gmt":"2021-12-10T22:11:18","guid":{"rendered":"https:\/\/int6029-sal.infd.edu.ar\/sitio\/?page_id=2071"},"modified":"2022-12-14T07:41:51","modified_gmt":"2022-12-14T10:41:51","slug":"postulantes-2022","status":"publish","type":"page","link":"https:\/\/int6029-sal.infd.edu.ar\/sitio\/postulantes-2022\/","title":{"rendered":"POSTULANTES 2023"},"content":{"rendered":"\n<p>Estimad@:<\/p>\n\n\n\n<p>Si Ud. se ha <strong>preinscripto <\/strong>para ingresar como estudiantes al Prof, de Ed. Secundaria en Matem\u00e1tica o al Prof. de Ed. Secundaria en Psicolog\u00eda, encontrar\u00e1 en la pesta\u00f1a correspondiente a cada carrera, toda la<strong> informaci\u00f3n<\/strong> correspondiente a este proceso, organizada de la siguiente forma:<\/p>\n\n\n\n<ul><li>Novedades<\/li><li>Cronograma<\/li><li>Comisiones<\/li><li>Material de estudio<\/li><li>Calificaciones<\/li><li>Formulario de consulta<\/li><\/ul>\n\n\n\n<p>La informaci\u00f3n se <strong>actualizar\u00e1 de forma peri\u00f3dica<\/strong>, en la medida que avancemos en los siguientes <strong>pasos<\/strong>:<\/p>\n\n\n\n<ul><li>Preinscripci\u00f3n &#8211; Diciembre 2022<\/li><li>Curso de ingreso: Febrero 2023<\/li><li>Ex\u00e1menes de ingreso &#8211; Febrero 2023<\/li><li>Inscripci\u00f3n &#8211; Marzo 2023<\/li><\/ul>\n\n\n\n<p>Tenga en cuenta que el cupo de ingreso a cada carrera asciende a 60 personas.<\/p>\n\n\n\n<p>La\/o invitamos a explorar: <\/p>\n\n\n\n<div class=\"wp-block-buttons is-content-justification-center is-layout-flex\">\n<div class=\"wp-block-button\"><a class=\"wp-block-button__link\" href=\"http:\/\/www.edusalta.gov.ar\/index.php\/docman\/expo-futuro-2020\/educacion-superior\/5698-guia-del-estudiante-2021-ver-001\/file\" target=\"_blank\" rel=\"noreferrer noopener\">GU\u00cdA DEL ESTUDIANTE DE EDUCACI\u00d3N SUPERIOR<\/a><\/div>\n\n\n\n<div class=\"wp-block-button\"><a class=\"wp-block-button__link\" href=\"https:\/\/dges-sal.infd.edu.ar\/sitio\/\" target=\"_blank\" rel=\"noreferrer noopener\">SITIO WEB DE LA DIRECCI\u00d3N GRAL. DE ED. SUP.<\/a><\/div>\n<\/div>\n\n\n\n<p><\/p>\n\n\n\n<p>Agradecid@s por su colaboraci\u00f3n en esta din\u00e1mica institucional, l@ saludamos atte.<\/p>\n\n\n\n<p>Equipo IES N* 6029<\/p>\n\n\n\n<div class=\"wp-block-image is-style-default\"><figure class=\"aligncenter size-large\"><img decoding=\"async\" loading=\"lazy\" width=\"1748\" height=\"1240\" src=\"https:\/\/int6029-sal.infd.edu.ar\/sitio\/wp-content\/uploads\/2022\/12\/Diseno-sin-titulo-2-1.png\" alt=\"\" class=\"wp-image-3583\" srcset=\"https:\/\/int6029-sal.infd.edu.ar\/sitio\/wp-content\/uploads\/2022\/12\/Diseno-sin-titulo-2-1.png 1748w, https:\/\/int6029-sal.infd.edu.ar\/sitio\/wp-content\/uploads\/2022\/12\/Diseno-sin-titulo-2-1-1000x709.png 1000w, https:\/\/int6029-sal.infd.edu.ar\/sitio\/wp-content\/uploads\/2022\/12\/Diseno-sin-titulo-2-1-768x545.png 768w, https:\/\/int6029-sal.infd.edu.ar\/sitio\/wp-content\/uploads\/2022\/12\/Diseno-sin-titulo-2-1-1536x1090.png 1536w\" sizes=\"(max-width: 1748px) 100vw, 1748px\" \/><\/figure><\/div>\n\n\n\n<div class=\"wp-block-buttons is-content-justification-center is-layout-flex\">\n<div class=\"wp-block-button\"><a class=\"wp-block-button__link\" href=\"https:\/\/int6029-sal.infd.edu.ar\/sitio\/prof-de-ed-sec-en-psicologia\/\" target=\"_blank\" rel=\"noreferrer noopener\"><em>M\u00e1s informaci\u00f3n<\/em><\/a><\/div>\n<\/div>\n\n\n\n<div class=\"wp-block-image\"><figure class=\"aligncenter size-large\"><img decoding=\"async\" loading=\"lazy\" width=\"1748\" height=\"1240\" src=\"https:\/\/int6029-sal.infd.edu.ar\/sitio\/wp-content\/uploads\/2022\/12\/Diseno-sin-titulo-3-1.png\" alt=\"\" class=\"wp-image-3584\" srcset=\"https:\/\/int6029-sal.infd.edu.ar\/sitio\/wp-content\/uploads\/2022\/12\/Diseno-sin-titulo-3-1.png 1748w, https:\/\/int6029-sal.infd.edu.ar\/sitio\/wp-content\/uploads\/2022\/12\/Diseno-sin-titulo-3-1-1000x709.png 1000w, https:\/\/int6029-sal.infd.edu.ar\/sitio\/wp-content\/uploads\/2022\/12\/Diseno-sin-titulo-3-1-768x545.png 768w, https:\/\/int6029-sal.infd.edu.ar\/sitio\/wp-content\/uploads\/2022\/12\/Diseno-sin-titulo-3-1-1536x1090.png 1536w\" sizes=\"(max-width: 1748px) 100vw, 1748px\" \/><\/figure><\/div>\n\n\n\n<div class=\"wp-block-buttons is-content-justification-center is-layout-flex\">\n<div class=\"wp-block-button\"><a class=\"wp-block-button__link\" href=\"https:\/\/int6029-sal.infd.edu.ar\/sitio\/prof-de-ed-sec-en-matematica\/\" target=\"_blank\" rel=\"noreferrer noopener\"><em>M\u00e1s informaci\u00f3n<\/em><\/a><\/div>\n<\/div>\n","protected":false},"excerpt":{"rendered":"<p>Estimad@: Si Ud. se ha preinscripto para ingresar como estudiantes al Prof, de Ed. Secundaria en Matem\u00e1tica o al Prof. de Ed. Secundaria en Psicolog\u00eda, encontrar\u00e1 en la pesta\u00f1a correspondiente a cada carrera, toda la informaci\u00f3n correspondiente a este proceso, organizada de la siguiente forma: Novedades Cronograma Comisiones Material de estudio Calificaciones Formulario de consulta &#8230; <a title=\"POSTULANTES 2023\" class=\"read-more\" href=\"https:\/\/int6029-sal.infd.edu.ar\/sitio\/postulantes-2022\/\" aria-label=\"More on POSTULANTES 2023\">[+]<\/a><\/p>\n","protected":false},"author":698,"featured_media":0,"parent":0,"menu_order":0,"comment_status":"closed","ping_status":"closed","template":"","meta":[],"acf":[],"_links":{"self":[{"href":"https:\/\/int6029-sal.infd.edu.ar\/sitio\/wp-json\/wp\/v2\/pages\/2071"}],"collection":[{"href":"https:\/\/int6029-sal.infd.edu.ar\/sitio\/wp-json\/wp\/v2\/pages"}],"about":[{"href":"https:\/\/int6029-sal.infd.edu.ar\/sitio\/wp-json\/wp\/v2\/types\/page"}],"author":[{"embeddable":true,"href":"https:\/\/int6029-sal.infd.edu.ar\/sitio\/wp-json\/wp\/v2\/users\/698"}],"replies":[{"embeddable":true,"href":"https:\/\/int6029-sal.infd.edu.ar\/sitio\/wp-json\/wp\/v2\/comments?post=2071"}],"version-history":[{"count":11,"href":"https:\/\/int6029-sal.infd.edu.ar\/sitio\/wp-json\/wp\/v2\/pages\/2071\/revisions"}],"predecessor-version":[{"id":3585,"href":"https:\/\/int6029-sal.infd.edu.ar\/sitio\/wp-json\/wp\/v2\/pages\/2071\/revisions\/3585"}],"wp:attachment":[{"href":"https:\/\/int6029-sal.infd.edu.ar\/sitio\/wp-json\/wp\/v2\/media?parent=2071"}],"curies":[{"name":"wp","href":"https:\/\/api.w.org\/{rel}","templated":true}]}}