{"id":1398,"date":"2021-02-23T11:59:33","date_gmt":"2021-02-23T14:59:33","guid":{"rendered":"https:\/\/int6029-sal.infd.edu.ar\/sitio\/?page_id=1398"},"modified":"2022-12-16T09:19:49","modified_gmt":"2022-12-16T12:19:49","slug":"estructura-curricular","status":"publish","type":"page","link":"https:\/\/int6029-sal.infd.edu.ar\/sitio\/prof-de-eib\/estructura-curricular\/","title":{"rendered":"Estructura Curricular"},"content":{"rendered":"\n<p class=\"has-medium-font-size\">La estructura curricular, seg\u00fan la <strong>Res. 3954\/18<\/strong>, es la siguiente:<\/p>\n\n\n\n<p class=\"has-text-align-left has-black-color has-light-green-cyan-background-color has-text-color has-background has-medium-font-size\"><strong>PRIMER A\u00d1O<\/strong><\/p>\n\n\n\n<figure class=\"wp-block-table\"><table class=\"has-subtle-pale-green-background-color has-background\"><tbody><tr><td><strong>Tipo de unidad<\/strong><\/td><td><strong>Nombre<\/strong><\/td><td class=\"has-text-align-center\" data-align=\"center\"><strong>1* Cuat.<\/strong><\/td><td class=\"has-text-align-center\" data-align=\"center\"><strong>2* Cuat.<\/strong><\/td><td class=\"has-text-align-center\" data-align=\"center\"><strong>Anual<\/strong><\/td><\/tr><tr><td>Materia<\/td><td>Pedagog\u00eda<\/td><td class=\"has-text-align-center\" data-align=\"center\">x<\/td><td class=\"has-text-align-center\" data-align=\"center\"><\/td><td class=\"has-text-align-center\" data-align=\"center\"><\/td><\/tr><tr><td>Materia<\/td><td>Did\u00e1ctica General<\/td><td class=\"has-text-align-center\" data-align=\"center\"><\/td><td class=\"has-text-align-center\" data-align=\"center\"><\/td><td class=\"has-text-align-center\" data-align=\"center\">x<\/td><\/tr><tr><td>Materia<\/td><td>Psicolog\u00eda Educacional<\/td><td class=\"has-text-align-center\" data-align=\"center\"><\/td><td class=\"has-text-align-center\" data-align=\"center\">x<\/td><td class=\"has-text-align-center\" data-align=\"center\"><\/td><\/tr><tr><td>Taller<\/td><td>Lectura y escritura acad\u00e9mica<\/td><td class=\"has-text-align-center\" data-align=\"center\"><\/td><td class=\"has-text-align-center\" data-align=\"center\"><\/td><td class=\"has-text-align-center\" data-align=\"center\">x<\/td><\/tr><tr><td>Materia<\/td><td>Psicolog\u00eda social<\/td><td class=\"has-text-align-center\" data-align=\"center\">x<\/td><td class=\"has-text-align-center\" data-align=\"center\"><\/td><td class=\"has-text-align-center\" data-align=\"center\"><\/td><\/tr><tr><td>Materia<\/td><td>Psicolog\u00eda general<\/td><td class=\"has-text-align-center\" data-align=\"center\"><\/td><td class=\"has-text-align-center\" data-align=\"center\"><\/td><td class=\"has-text-align-center\" data-align=\"center\">x<\/td><\/tr><tr><td>Materia<\/td><td>Fisiolog\u00eda humana<\/td><td class=\"has-text-align-center\" data-align=\"center\"><\/td><td class=\"has-text-align-center\" data-align=\"center\"><\/td><td class=\"has-text-align-center\" data-align=\"center\">x<\/td><\/tr><tr><td>Taller<\/td><td>Din\u00e1mica de grupos para las escuelas secundarias<\/td><td class=\"has-text-align-center\" data-align=\"center\"><\/td><td class=\"has-text-align-center\" data-align=\"center\">x<\/td><td class=\"has-text-align-center\" data-align=\"center\"><\/td><\/tr><tr><td>Pr\u00e1ctica Docente<\/td><td>Pr\u00e1ctica Docente I: Contexto, comunidad y escuela<br>&#8211; Taller 1: M\u00e9todos y t\u00e9cnicas de indagaci\u00f3n<br>&#8211; Taller 2: Instituciones educativas<\/td><td class=\"has-text-align-center\" data-align=\"center\"><br><br>x<br><\/td><td class=\"has-text-align-center\" data-align=\"center\"><br><br>x<\/td><td class=\"has-text-align-center\" data-align=\"center\">x<br><br><\/td><\/tr><\/tbody><\/table><\/figure>\n\n\n\n<p class=\"has-light-green-cyan-background-color has-background has-medium-font-size\"><strong>SEGUNDO A\u00d1O<\/strong><\/p>\n\n\n\n<figure class=\"wp-block-table\"><table class=\"has-subtle-pale-green-background-color has-background\"><tbody><tr><td><strong>Tipo de unidad<\/strong><\/td><td><strong>Nombre<\/strong><\/td><td class=\"has-text-align-center\" data-align=\"center\"><strong>1* Cuat.<\/strong><\/td><td class=\"has-text-align-center\" data-align=\"center\"><strong>2* Cuat.<\/strong><\/td><td class=\"has-text-align-center\" data-align=\"center\"><strong>Anual<\/strong><\/td><\/tr><tr><td>Materia<\/td><td>Sociolog\u00eda de la Educaci\u00f3n<\/td><td class=\"has-text-align-center\" data-align=\"center\"><\/td><td class=\"has-text-align-center\" data-align=\"center\">x<\/td><td class=\"has-text-align-center\" data-align=\"center\"><\/td><\/tr><tr><td>Materia<\/td><td>Historia Argentina y Latinoamericana<\/td><td class=\"has-text-align-center\" data-align=\"center\">x<\/td><td class=\"has-text-align-center\" data-align=\"center\"><\/td><td class=\"has-text-align-center\" data-align=\"center\"><\/td><\/tr><tr><td>Taller<\/td><td>Tecnolog\u00edas de la Informaci\u00f3n y la Comunicaci\u00f3n<\/td><td class=\"has-text-align-center\" data-align=\"center\"><\/td><td class=\"has-text-align-center\" data-align=\"center\">x<\/td><td class=\"has-text-align-center\" data-align=\"center\"><\/td><\/tr><tr><td>Materia<\/td><td>Sujetos de la Educaci\u00f3n Secundaria<\/td><td class=\"has-text-align-center\" data-align=\"center\">x<\/td><td class=\"has-text-align-center\" data-align=\"center\"><\/td><td class=\"has-text-align-center\" data-align=\"center\"><\/td><\/tr><tr><td>Materia<\/td><td>Psicolog\u00eda Profunda<\/td><td class=\"has-text-align-center\" data-align=\"center\"><\/td><td class=\"has-text-align-center\" data-align=\"center\"><\/td><td class=\"has-text-align-center\" data-align=\"center\">x<\/td><\/tr><tr><td>Materia<\/td><td>Did\u00e1ctica Especial de la Psicolog\u00eda I<\/td><td class=\"has-text-align-center\" data-align=\"center\"><\/td><td class=\"has-text-align-center\" data-align=\"center\">x<\/td><td class=\"has-text-align-center\" data-align=\"center\"><\/td><\/tr><tr><td>Materia<\/td><td>Psicolog\u00eda Gen\u00e9tica<\/td><td class=\"has-text-align-center\" data-align=\"center\">x<\/td><td class=\"has-text-align-center\" data-align=\"center\"><\/td><td class=\"has-text-align-center\" data-align=\"center\"><\/td><\/tr><tr><td>Materia<\/td><td>Psicoestad\u00edstica<\/td><td class=\"has-text-align-center\" data-align=\"center\"><\/td><td class=\"has-text-align-center\" data-align=\"center\">x<\/td><td class=\"has-text-align-center\" data-align=\"center\"><\/td><\/tr><tr><td>Pr\u00e1ctica Docente<\/td><td>Pr\u00e1ctica Docente I: Gesti\u00f3n institucional, curr\u00edculum y ense\u00f1anza<br>&#8211; Taller 1: Curr\u00edculum y organizadores escolares del nivel secundario<br>&#8211; Taller 2: Programaci\u00f3n de la ense\u00f1anza en la educaci\u00f3n secundaria<\/td><td class=\"has-text-align-center\" data-align=\"center\"><br><br>x<br><\/td><td class=\"has-text-align-center\" data-align=\"center\"><br><br>x<\/td><td class=\"has-text-align-center\" data-align=\"center\">x<br><br><\/td><\/tr><\/tbody><\/table><\/figure>\n\n\n\n<p class=\"has-light-green-cyan-background-color has-background has-medium-font-size\"><strong>TERCER A\u00d1O<\/strong><\/p>\n\n\n\n<figure class=\"wp-block-table\"><table class=\"has-subtle-pale-green-background-color has-background\"><tbody><tr><td><strong>Tipo de unidad<\/strong><\/td><td><strong>Nombre<\/strong><\/td><td class=\"has-text-align-center\" data-align=\"center\"><strong>1* Cuat.<\/strong><\/td><td class=\"has-text-align-center\" data-align=\"center\"><strong>2* Cuat.<\/strong><\/td><td class=\"has-text-align-center\" data-align=\"center\"><strong>Anual<\/strong><\/td><\/tr><tr><td>Materia<\/td><td>Historia y Pol\u00edtica de la Educaci\u00f3n Argentina<\/td><td class=\"has-text-align-center\" data-align=\"center\">x<\/td><td class=\"has-text-align-center\" data-align=\"center\"><\/td><td class=\"has-text-align-center\" data-align=\"center\"><\/td><\/tr><tr><td>Materia<\/td><td>Filosof\u00eda<\/td><td class=\"has-text-align-center\" data-align=\"center\"><\/td><td class=\"has-text-align-center\" data-align=\"center\">x<\/td><td class=\"has-text-align-center\" data-align=\"center\"><\/td><\/tr><tr><td>Seminario<\/td><td>Inclusi\u00f3n Educativa en el Nivel Secundario<\/td><td class=\"has-text-align-center\" data-align=\"center\">x<\/td><td class=\"has-text-align-center\" data-align=\"center\"><\/td><td class=\"has-text-align-center\" data-align=\"center\"><\/td><\/tr><tr><td>Materia<\/td><td>Teor\u00eda y T\u00e9cnicas de la Exploraci\u00f3n Psicol\u00f3gica I<\/td><td class=\"has-text-align-center\" data-align=\"center\">x<\/td><td class=\"has-text-align-center\" data-align=\"center\"><\/td><td class=\"has-text-align-center\" data-align=\"center\"><\/td><\/tr><tr><td>Materia<\/td><td>Teor\u00eda y T\u00e9cnicas de la Exploraci\u00f3n Psicol\u00f3gica II<\/td><td class=\"has-text-align-center\" data-align=\"center\"><\/td><td class=\"has-text-align-center\" data-align=\"center\">x<\/td><td class=\"has-text-align-center\" data-align=\"center\"><\/td><\/tr><tr><td>Materia<\/td><td>Did\u00e1ctica Especial de la Psicolog\u00eda II<\/td><td class=\"has-text-align-center\" data-align=\"center\"><\/td><td class=\"has-text-align-center\" data-align=\"center\"><\/td><td class=\"has-text-align-center\" data-align=\"center\">x<\/td><\/tr><tr><td>Materia<\/td><td>Psicolog\u00eda Organizacional<\/td><td class=\"has-text-align-center\" data-align=\"center\"><\/td><td class=\"has-text-align-center\" data-align=\"center\">x<\/td><td class=\"has-text-align-center\" data-align=\"center\"><\/td><\/tr><tr><td>Materia<\/td><td>Psicofisiolog\u00eda del Sistema Nervioso<\/td><td class=\"has-text-align-center\" data-align=\"center\"><\/td><td class=\"has-text-align-center\" data-align=\"center\"><\/td><td class=\"has-text-align-center\" data-align=\"center\">x<\/td><\/tr><tr><td>Materia<\/td><td>Psicolog\u00eda de la Diversidad<\/td><td class=\"has-text-align-center\" data-align=\"center\">x<\/td><td class=\"has-text-align-center\" data-align=\"center\"><\/td><td class=\"has-text-align-center\" data-align=\"center\"><\/td><\/tr><tr><td>Materia<\/td><td>Psicopatolog\u00eda<\/td><td class=\"has-text-align-center\" data-align=\"center\">x<\/td><td class=\"has-text-align-center\" data-align=\"center\"><\/td><td class=\"has-text-align-center\" data-align=\"center\"><\/td><\/tr><tr><td>Pr\u00e1ctica Docente<\/td><td>Pr\u00e1ctica Docente I: Pr\u00e1cticas de Ense\u00f1anza<br>&#8211; Taller 1: Evaluaci\u00f3n de los aprendizajes en la educaci\u00f3n secundaria<br>&#8211; Taller 2: Materiales did\u00e1cticos con las TIC en la ense\u00f1anza de la disciplina<\/td><td class=\"has-text-align-center\" data-align=\"center\"><br><br>x<br><\/td><td class=\"has-text-align-center\" data-align=\"center\"><br><br>x<\/td><td class=\"has-text-align-center\" data-align=\"center\">x<br><br><\/td><\/tr><\/tbody><\/table><\/figure>\n\n\n\n<p class=\"has-light-green-cyan-background-color has-background\"><strong>CUARTO A\u00d1O<\/strong><\/p>\n\n\n\n<figure class=\"wp-block-table\"><table class=\"has-subtle-pale-green-background-color has-background\"><tbody><tr><td><strong>Tipo de unidad<\/strong><\/td><td><strong>Nombre<\/strong><\/td><td class=\"has-text-align-center\" data-align=\"center\"><strong>1* Cuat.<\/strong><\/td><td class=\"has-text-align-center\" data-align=\"center\"><strong>2* Cuat.<\/strong><\/td><td class=\"has-text-align-center\" data-align=\"center\"><strong>Anual<\/strong><\/td><\/tr><tr><td>Materia<\/td><td>Formaci\u00f3n \u00c9tica y Ciudadana<\/td><td class=\"has-text-align-center\" data-align=\"center\"><\/td><td class=\"has-text-align-center\" data-align=\"center\"><\/td><td class=\"has-text-align-center\" data-align=\"center\">x<\/td><\/tr><tr><td>Seminario<\/td><td>Educaci\u00f3n Sexual Integral<\/td><td class=\"has-text-align-center\" data-align=\"center\">x<\/td><td class=\"has-text-align-center\" data-align=\"center\"><\/td><td class=\"has-text-align-center\" data-align=\"center\"><\/td><\/tr><tr><td>Materia<\/td><td>Problem\u00e1tica dela ense\u00f1anza de la Psicolog\u00eda en la escuela secundaria<\/td><td class=\"has-text-align-center\" data-align=\"center\"><\/td><td class=\"has-text-align-center\" data-align=\"center\">x<\/td><td class=\"has-text-align-center\" data-align=\"center\"><\/td><\/tr><tr><td>Materia<\/td><td>Psicolog\u00eda de la Personalidad<\/td><td class=\"has-text-align-center\" data-align=\"center\">x<\/td><td class=\"has-text-align-center\" data-align=\"center\"><\/td><td class=\"has-text-align-center\" data-align=\"center\"><\/td><\/tr><tr><td>Materia<\/td><td>Metodolog\u00eda de la Investigaci\u00f3n en el Campo de la Psicolog\u00eda Social<\/td><td class=\"has-text-align-center\" data-align=\"center\"><\/td><td class=\"has-text-align-center\" data-align=\"center\"><\/td><td class=\"has-text-align-center\" data-align=\"center\">x<\/td><\/tr><tr><td>Materia<\/td><td>Orientaci\u00f3n Vocacional Ocupacional<\/td><td class=\"has-text-align-center\" data-align=\"center\"><\/td><td class=\"has-text-align-center\" data-align=\"center\">x<\/td><td class=\"has-text-align-center\" data-align=\"center\"><\/td><\/tr><tr><td>Seminario<\/td><td>Salud Mental<\/td><td class=\"has-text-align-center\" data-align=\"center\"><\/td><td class=\"has-text-align-center\" data-align=\"center\">x<\/td><td class=\"has-text-align-center\" data-align=\"center\"><\/td><\/tr><tr><td>Materia<\/td><td>Orientaci\u00f3n Educativa<\/td><td class=\"has-text-align-center\" data-align=\"center\"><\/td><td class=\"has-text-align-center\" data-align=\"center\">x<\/td><td class=\"has-text-align-center\" data-align=\"center\"><\/td><\/tr><tr><td>Materia<\/td><td>Psicolog\u00eda Cl\u00ednica<\/td><td class=\"has-text-align-center\" data-align=\"center\"><\/td><td class=\"has-text-align-center\" data-align=\"center\">x<\/td><td class=\"has-text-align-center\" data-align=\"center\"><\/td><\/tr><tr><td>Materia<\/td><td>Trastornos del aprendizaje<\/td><td class=\"has-text-align-center\" data-align=\"center\"><\/td><td class=\"has-text-align-center\" data-align=\"center\"><\/td><td class=\"has-text-align-center\" data-align=\"center\">x<\/td><\/tr><tr><td>Pr\u00e1ctica Docente<\/td><td>Pr\u00e1ctica Docente I: Residencia<br>&#8211; Taller 1: La sistematizaci\u00f3n de las pr\u00e1cticas en la escuela secundaria<br><\/td><td class=\"has-text-align-center\" data-align=\"center\"><br><br><br><\/td><td class=\"has-text-align-center\" data-align=\"center\"><br><br><\/td><td class=\"has-text-align-center\" data-align=\"center\">x<br>x<br><\/td><\/tr><\/tbody><\/table><\/figure>\n\n\n\n<p class=\"has-text-align-center\"><strong>Descargar la RM 3954\/18<\/strong><\/p>\n\n\n\n<div class=\"wp-block-buttons is-content-justification-center is-layout-flex\">\n<div class=\"wp-block-button\"><a class=\"wp-block-button__link\" href=\"https:\/\/drive.google.com\/file\/d\/1lNScjaGxDPygn4MsSwQjDJdqcYVXcpyP\/view?usp=sharing\" target=\"_blank\" rel=\"noreferrer noopener\">Click aqu\u00ed<\/a><\/div>\n<\/div>\n\n\n\n<p><\/p>\n","protected":false},"excerpt":{"rendered":"<p>La estructura curricular, seg\u00fan la Res. 3954\/18, es la siguiente: PRIMER A\u00d1O Tipo de unidad Nombre 1* Cuat. 2* Cuat. Anual Materia Pedagog\u00eda x Materia Did\u00e1ctica General x Materia Psicolog\u00eda Educacional x Taller Lectura y escritura acad\u00e9mica x Materia Psicolog\u00eda social x Materia Psicolog\u00eda general x Materia Fisiolog\u00eda humana x Taller Din\u00e1mica de grupos para &#8230; <a title=\"Estructura Curricular\" class=\"read-more\" href=\"https:\/\/int6029-sal.infd.edu.ar\/sitio\/prof-de-eib\/estructura-curricular\/\" aria-label=\"More on Estructura Curricular\">[+]<\/a><\/p>\n","protected":false},"author":698,"featured_media":0,"parent":1386,"menu_order":0,"comment_status":"closed","ping_status":"closed","template":"","meta":[],"acf":[],"_links":{"self":[{"href":"https:\/\/int6029-sal.infd.edu.ar\/sitio\/wp-json\/wp\/v2\/pages\/1398"}],"collection":[{"href":"https:\/\/int6029-sal.infd.edu.ar\/sitio\/wp-json\/wp\/v2\/pages"}],"about":[{"href":"https:\/\/int6029-sal.infd.edu.ar\/sitio\/wp-json\/wp\/v2\/types\/page"}],"author":[{"embeddable":true,"href":"https:\/\/int6029-sal.infd.edu.ar\/sitio\/wp-json\/wp\/v2\/users\/698"}],"replies":[{"embeddable":true,"href":"https:\/\/int6029-sal.infd.edu.ar\/sitio\/wp-json\/wp\/v2\/comments?post=1398"}],"version-history":[{"count":5,"href":"https:\/\/int6029-sal.infd.edu.ar\/sitio\/wp-json\/wp\/v2\/pages\/1398\/revisions"}],"predecessor-version":[{"id":2215,"href":"https:\/\/int6029-sal.infd.edu.ar\/sitio\/wp-json\/wp\/v2\/pages\/1398\/revisions\/2215"}],"up":[{"embeddable":true,"href":"https:\/\/int6029-sal.infd.edu.ar\/sitio\/wp-json\/wp\/v2\/pages\/1386"}],"wp:attachment":[{"href":"https:\/\/int6029-sal.infd.edu.ar\/sitio\/wp-json\/wp\/v2\/media?parent=1398"}],"curies":[{"name":"wp","href":"https:\/\/api.w.org\/{rel}","templated":true}]}}